 of 6951 and 68186?
331
Calculate the highest common divisor of 90 and 1167090.
30
Calculate the greatest common factor of 2100 and 756.
84
Calculate the greatest common divisor of 212 and 68.
4
What is the highest common factor of 12565 and 1120?
35
Calculate the greatest common factor of 244 and 60329.
61
What is the highest common factor of 3451 and 1479493?
493
Calculate the highest common divisor of 70597 and 9019.
311
What is the highest common factor of 120081 and 195?
39
What is the highest common factor of 572 and 3212?
44
What is the greatest common divisor of 8560 and 171628?
428
Calculate the highest common divisor of 438 and 384.
6
Calculate the greatest common factor of 1314 and 16206.
438
What is the greatest common divisor of 12444 and 663?
51
Calculate the highest common divisor of 554229 and 65.
13
Calculate the greatest common factor of 4180 and 23300.
20
What is the greatest common divisor of 85281 and 651?
651
Calculate the highest common factor of 2727 and 64943.
101
Calculate the highest common divisor of 119250 and 450.
450
Calculate the highest common factor of 2324 and 1466.
2
Calculate the greatest common divisor of 3365724 and 808.
404
Calculate the greatest common divisor of 243 and 45.
9
Calculate the highest common factor of 63 and 111426.
21
What is the highest common divisor of 1295 and 4728045?
1295
What is the highest common divisor of 4563 and 999?
27
Calculate the greatest common factor of 2385 and 49025.
265
Calculate the highest common divisor of 242 and 488983.
11
Calculate the greatest common divisor of 5330637 and 702.
351
What is the highest common divisor of 13 and 1392638?
13
What is the highest common divisor of 4215 and 5?
5
What is the greatest common factor of 10224 and 1152?
144
What is the greatest common factor of 11303 and 712?
89
What is the greatest common divisor of 2584 and 13832?
152
Calculate the highest common divisor of 582571 and 539.
11
What is the highest common divisor of 236110 and 3115?
35
Calculate the highest common divisor of 7157 and 663.
17
Calculate the highest common divisor of 2048 and 1312.
32
Calculate the highest common factor of 848 and 4307416.
424
What is the highest common factor of 6 and 15722310?
6
Calculate the greatest common factor of 1105 and 207145.
85
Calculate the greatest common divisor of 117 and 34203.
39
What is the greatest common factor of 20216 and 147896?
1064
What is the highest common divisor of 94796 and 156?
52
Calculate the highest common factor of 718 and 174833.
359
Calculate the highest common divisor of 121 and 351648.
11
Calculate the highest common divisor of 2623 and 6893.
61
What is the highest common factor of 2338 and 182?
14
What is the greatest common factor of 670 and 3269198?
134
Calculate the greatest common divisor of 5636 and 3974789.
1409
What is the highest common factor of 48892 and 68?
68
Calculate the highest common divisor of 1012137 and 147.
21
What is the highest common factor of 1835416 and 88?
88
Calculate the greatest common factor of 15 and 26185.
5
Calculate the highest common divisor of 2410 and 2380.
10
What is the greatest common factor of 1819973 and 59?
59
Calculate the greatest common factor of 26190 and 180.
90
What is the highest common factor of 2 and 47?
1
What is the highest common divisor of 61028 and 228?
76
What is the highest common factor of 374 and 1622786?
374
What is the highest common divisor of 287620 and 41764?
788
What is the greatest common divisor of 553528 and 8?
8
Calculate the highest common divisor of 263734 and 10106.
326
Calculate the greatest common factor of 4541 and 152.
19
Calculate the greatest common divisor of 42655 and 2565.
95
What is the highest common factor of 15508 and 4?
4
Calculate the greatest common divisor of 2909947 and 58.
29
Calculate the greatest common divisor of 2526029 and 22.
11
What is the greatest common factor of 46 and 118772?
46
What is the greatest common divisor of 585 and 3144141?
117
What is the highest common divisor of 486 and 366678?
18
What is the greatest common factor of 134 and 146127?
67
Calculate the greatest common factor of 10225384 and 104.
104
What is the greatest common factor of 8131 and 90133?
173
Calculate the greatest common divisor of 2363 and 3753.
139
Calculate the highest common factor of 2 and 345014.
2
What is the highest common divisor of 2739 and 8466?
249
Calculate the greatest common divisor of 42781 and 2864.
179
What is the highest common divisor of 6264 and 240?
24
Calculate the highest common factor of 996 and 348351.
249
What is the greatest common divisor of 57 and 226404?
57
Calculate the highest common divisor of 124 and 2144146.
62
Calculate the greatest common divisor of 4176 and 58203.
261
Calculate the highest common divisor of 748 and 20218.
22
Calculate the highest common factor of 1905 and 62103.
381
What is the highest common divisor of 87344 and 35432?
824
What is the highest common divisor of 227184 and 400?
16
What is the highest common divisor of 979968 and 24882?
1914
Calculate the greatest common factor of 2001 and 4533.
3
What is the greatest common divisor of 115492 and 52?
52
Calculate the greatest common divisor of 95691 and 1002.
501
What is the highest common factor of 95088 and 546?
42
Calculate the greatest common factor of 8080749 and 27.
27
Calculate the greatest common divisor of 7 and 10171.
7
Calculate the greatest common factor of 78 and 609531.
39
What is the greatest common factor of 34 and 46?
2
Calculate the highest common factor of 2079 and 6993.
189
Calculate the greatest common divisor of 177382 and 31.
31
Calculate the highest common divisor of 3683047 and 107.
107
What is the highest common divisor of 64575 and 15120?
315
Calculate the greatest common divisor of 3312 and 168.
24
What is the highest common factor of 3038101 and 11?
11
What is the greatest common factor of 1258325 and 375?
25
Calculate the highest common factor of 20072 and 1029848.
1544
Calculate the greatest common divisor of 2025 and 650835.
405
Calculate the highest common divisor of 352457 and 2205.
49
What is the highest common factor of 229233 and 1032?
129
Calculate the greatest common factor of 154636 and 603.
67
What is the greatest common factor of 263551 and 16354?
629
Calculate the greatest common factor of 939 and 78.
3
What is the highest common divisor of 10406 and 1376?
86
What is the highest common divisor of 274649 and 269?
269
What is the greatest common divisor of 74 and 315943?
37
What is the greatest common factor of 636 and 25175?
53
What is the greatest common factor of 230115 and 5?
5
Calculate the greatest common factor of 252 and 5409.
9
Calculate the highest common divisor of 6838150 and 22.
22
Calculate the greatest common factor of 1071144 and 360.
72
What is the highest common divisor of 153 and 171003?
51
Calculate the greatest common factor of 7611 and 1032.
129
Calculate the highest common factor of 1979130 and 5550.
1110
Calculate the greatest common factor of 186 and 430838.
62
What is the highest common divisor of 166003 and 38?
19
What is the highest common divisor of 15883 and 161?
7
What is the greatest common factor of 16650 and 21000?
150
Calculate the highest common divisor of 439920 and 14382.
846
Calculate the greatest common divisor of 582 and 49179.
291
What is the greatest common divisor of 97911 and 6450?
129
What is the highest common divisor of 36983 and 9544?
1193
What is the greatest common divisor of 8151 and 22?
11
Calculate the greatest common divisor of 62883 and 3213.
459
What is the highest common divisor of 174436 and 40?
4
Calculate the greatest common divisor of 4545 and 5.
5
What is the greatest common factor of 46251 and 1188?
27
What is the greatest common factor of 71536 and 1700?
68
What is the greatest common factor of 3030 and 2598225?
1515
What is the greatest common factor of 110074 and 94?
94
Calculate the highest common factor of 42 and 185752.
14
Calculate the greatest common factor of 116948 and 1038.
346
What is the highest common divisor of 7718489 and 373?
373
What is the highest common divisor of 695592 and 225?
9
Calculate the greatest common factor of 832 and 12272.
208
What is the highest common divisor of 324 and 502764?
12